 = -3*m - 3*h, m - 5*h + 2 = 0. Let l(w) = -23*w**2 - w**3 + 0*w**3 - 5*w - m + 5 + 16*w**2. Determine l(-6).
-4
Let b(u) = -123 + 52 + 51 + 2*u + 35. What is b(-5)?
5
Suppose -4*h = -7*h. Let q(d) = 2*d. Let b(y) = -7*y + 3. Let x(u) = -b(u) - 3*q(u). What is x(h)?
-3
Let u(o) = o**3 - 7*o**2 + 6*o + 2. Let j(p) = -60*p + 126. Let l be j(2). Determine u(l).
2
Let n(q) be the second derivative of q**3/3 - q**2/2 - q. Suppose 0 = -5*p - c - 267, 5*p + 286 - 10 = 2*c. Let s be (-14)/18 - (-12)/p. Give n(s).
-3
Let j(l) = l**3 + 5*l**2 - l + 1. Suppose i - 157 = -43. Let u be 14/77 - i/22. Give j(u).
6
Let c(k) = -k + 6. Suppose 2*r - 3*b - 25 = 0, 2*b - 10 = -7*r + 5*r. Give c(r).
-2
Let h(o) be the third derivative of o**4/12 - o**2. Let v = 399 - 398. What is h(v)?
2
Let v(o) = -3*o - 2*o + o**2 - 31 + 17*o - 8*o - 5*o. What is v(0)?
-31
Let r(v) be the third derivative of v**6/120 + v**5/10 - 3*v**4/8 + 4*v**3/3 - 47*v**2 - 1. Give r(-7).
22
Let w(f) = f**3 - 3*f**2 - 3. Let a(s) = -s + 1. Let m be a(-5). Let k = 3 + m. Let z be k/(-15) - 18/(-5). What is w(z)?
-3
Let a(r) = r**2 - 4*r - 4. Let s be a(5). Suppose -8 = -2*x - 5*h, -3*h = -x + s + 3. Let t(b) = -b**3 + 5*b**2 - b - 2. Calculate t(x).
10
Let g(f) = -30*f - 2. Let y(v) = -16*v - 1. Let b(d) = 6*g(d) - 11*y(d). Give b(3).
-13
Let x(n) = 34*n - 25*n - 9 - 14*n + 6. Let m be (0 + 0 + 0)/1. Let s be -3 + m - 1/1. Calculate x(s).
17
Let s(m) = -3*m**2 - 4*m + 3. Let g(j) = -j - 26. Let w be g(-28). Determine s(w).
-17
Let t(r) = -r**2 - 2*r - 3. Let u(j) = 6*j - 23. Let p(o) = -2*o + 8. Let f(k) = -11*p(k) - 4*u(k). Let b be f(4). Let v be 9/(-6)*b/(-3). Give t(v).
-3
Let d = 231 + -227. Let p(a) be the first derivative of a**5/60 - a**4/4 + 2*a**3/3 - a**2/2 + 2. Let m(w) be the second derivative of p(w). Calculate m(d).
-4
Let k = 154 + -94. Let p = 55 - k. Let g(o) = o - 2. Calculate g(p).
-7
Let c(l) = -l**3 - 5*l**2 - 4*l - 5. Let v be 3/(-9) + (-2)/(-6). Let a = v + -4. Calculate c(a).
-5
Let v(r) be the third derivative of -r**4/8 + 3*r**3/2 + r**2 + 32*r. Give v(8).
-15
Let u = -48 + 49. Let d be (4 + u)*(-28)/(-70)*-3. Let w(f) = -f**2 - 5*f - 7. What is w(d)?
-13
Suppose -15 = 155*z - 170*z. Let p(h) = -5*h**2 - h. Give p(z).
-6
Suppose 0*r - 3*r + 3 = 0. Let o(w) = 4*w**3 + 42*w - 42*w + 0*w**3. Determine o(r).
4
Let b(i) = 2*i**2 - 7*i - 13. Let g(p) = p**2 - 4*p - 6. Let u(d) = 3*b(d) - 7*g(d). Determine u(8).
-5
Let w be (4 + 36/(-9))/2. Let h(y) = y - 18. Give h(w).
-18
Let m(g) be the first derivative of 4*g**3/3 + 6*g**2 + 4*g - 77. Let b(p) = -p**2 - 3*p - 1. Let x = 4 + -6. Let r(a) = x*m(a) - 9*b(a). Calculate r(-1).
-1
Let u(v) be the first derivative of -v**5/60 - 5*v**4/24 + 7*v**3/6 - 13*v**2/2 + 7. Let q(d) be the second derivative of u(d). Give q(-7).
-7
Let y(j) = j**2 - 23. Let k = -16 - -16. Suppose 5*t + 10 = 5*g - 0, 3*g + 4*t + 8 = k. Determine y(g).
-23
Let g(c) = -6*c. Let t be (-8)/(-5) - (-3)/(-5). Suppose -2*i + t = -3. Suppose 7 = -5*w + i. Give g(w).
6
Suppose 0*o + 6 = -2*o. Let n be (o + 4/2)*-5. Suppose -2*b - 17 = -n*j - b, j - 1 = -b. Let t(p) = 2*p. Give t(j).
6
Let m(q) be the first derivative of -48 + 2*q + 1/2*q**2. What is m(-5)?
-3
Let p(h) be the first derivative of h**2 + 15*h + 1. Let u be p(-10). Let r = u - 1. Let f(i) = 2*i + 7. Give f(r).
-5
Suppose o + 3 = -y, 3*y + 3 = 2*y + 2*o. Let q(c) = 4 - 3*c + c + 4*c - c + 0*c. Give q(y).
1
Let w(a) be the second derivative of -a**4/8 + a**3/6 + 11*a**2/2 - 6*a. Let k(y) be the first derivative of w(y). What is k(-1)?
4
Let p be ((-6)/15)/(52/260). Let s(z) = z**3 + 2*z**2 + 2*z. What is s(p)?
-4
Let d(z) = -41*z - 1. Let t = 806 - 807. Calculate d(t).
40
Let u(m) = -2*m**2 - 14*m - 15. Let t(g) = 3*g**2 + 21*g + 22. Let s(n) = 5*t(n) + 7*u(n). What is s(-4)?
-7
Let i(t) = t + 7. Let x be i(-5). Let y(z) = 4 - 7 - z**2 + x*z**2 - 2*z**2 - 5*z. Calculate y(-5).
-3
Let p(u) = 13*u**2 - u. Let x be p(1). Let o = x + -9. Let g(k) = -5*k + 5*k**2 - o*k**2 - k**2 - 4. What is g(6)?
2
Suppose -4*v + 14 = z - 3*z, -3*z = 5*v - 1. Suppose -h - v*h + 5*i + 14 = 0, -2*i - 12 = 2*h. Let r(m) = m**3 + 6*m**2 + 4*m + 2. Give r(h).
10
Let n(y) = -4*y - 9. Let j(v) = -2*v - 4. Suppose 12 + 0 = -2*o. Let q(r) = o*n(r) + 14*j(r). Determine q(3).
-14
Let l(g) = 2 + 3 + 1 - 2*g. Let f(t) = -t**2 - 2*t + 5. Let c = 52 + -52. Let s be f(c). Calculate l(s).
-4
Let b(a) be the first derivative of a**3/3 - a**2 - 15*a + 1. Let y(q) be the first derivative of b(q). Give y(3).
4
Let m(x) = -165*x**2 + 322*x**2 + 10 + 9*x - 163*x**2 - x**3. Let w = -20 - -13. What is m(w)?
-4
Let g(x) = -2*x**2 + 19*x - 8. Suppose m + 2*o + 15 = 23, 0 = -5*o. What is g(m)?
16
Let a(r) = 6*r - 9. Let w be 1/(-7) - ((-7310)/70)/17. Calculate a(w).
27
Let x(p) = 3 + 2*p**2 - p**2 + 2*p - 2. Suppose 2*r - 7*r = -425. Let d = r + -88. What is x(d)?
4
Let k = -205 + 201. Let d(j) = 2*j**2 + 5*j + 2. Determine d(k).
14
Let x(l) = 6*l**3 - l**2 - l + 1. Let s be x(1). Suppose s*d - 8 = 2*p + d, -2*d = -3*p - 16. Let k(a) = a**2 + 4*a - 7. What is k(p)?
5
Suppose -69*t - 92 = -92*t. Let n(j) be the third derivative of 0*j**3 + 0*j + 0*j**t + 1/30*j**5 - 5*j**2 + 0. Determine n(2).
8
Let u(n) = 5*n - 14. Let w = 8 + -1. Let g be u(w). Suppose -4*a + 2*t - g = -3*t, a + 3*t - 16 = 0. Let y(x) = 6*x**2 + 1. Give y(a).
7
Let m(h) = -2*h - 22. Suppose 3*x - 4*k = -2*x - 59, 4*k - 4 = 0. Give m(x).
0
Let m(k) = 5*k**2 + 20*k + 4. Let j(p) = -11*p**2 - 42*p - 10. Let a(l) = -6*j(l) - 13*m(l). Determine a(7).
1
Let v(f) = f**3 - 5*f**2 - 4*f - 4. Suppose -39*g - g + 240 = 0. Calculate v(g).
8
Suppose -4*h + 12 = 0, -a + 3*h = 2*a - 15. Let c = 125 + -73. Let k be 2*(-3 + c/a). Let q(m) = -m**3 + 6*m**2 + 7*m + 5. What is q(k)?
5
Let m = 9 - -28. Let z = m - 37. Let r(v) = v**3 - v**2 - 1. Calculate r(z).
-1
Suppose 14 = -4*a + 6. Let q(o) be the third derivative of 1/30*o**5 + 1/24*o**4 - 2*o**2 + 0 + 0*o - 1/3*o**3 + 1/60*o**6. Calculate q(a).
-12
Let m(h) = h**3 - h**2 - h - 1. Let u(n) = -n**2 - n. Let q be (4 - 4)/((-6)/(-3)). Let r be u(q). Give m(r).
-1
Suppose 4*a - 12 = 2*n, -2*n = -0*a - 2*a + 8. Let j(q) = -7*q**3 + 3*q**2 - 3*q + 8. Let k(z) = z**3 - 1. Let w(x) = -j(x) - 6*k(x). Give w(a).
0
Suppose -7 + 23 = -4*q. Let v(k) = -k - 121886 + 121886. Determine v(q).
4
Let p = 798 + -793. Let r(w) = 1. Let d(t) = t + 1. Let z(a) = d(a) - 2*r(a). What is z(p)?
4
Let c(h) be the second derivative of h**4/4 - h**3/3 - h - 8. Calculate c(3).
21
Let o be 1 + (4 - -3) - 3. Suppose -o*j - 12 = -5*a + 8, a - 9 = -4*j. Let p(i) = i**2 - 4*i - 1. Determine p(a).
4
Let y = 11 - -1. Suppose 9*j - 13*j = y. Let f(k) = -k + 1. Let d(i) = 3*i. Let n(s) = -d(s) - 4*f(s). Give n(j).
-7
Let p(g) = -2 + 2*g**2 + 4*g - 3*g**2 - 21*g + 16*g + g**3. What is p(-3)?
-35
Let q(t) = -4*t - 2. Suppose 0 = -3*h + 18. Suppose 0*w + h = -w. Let z be ((-4)/(-4))/(3/w). What is q(z)?
6
Suppose 46*r = 96*r - 350. Let d(u) = u**2 - 4*u - 8. Calculate d(r).
13
Let h(n) = -3*n - 1. Let u = -7 - -8. Let b(i) = -3*i**3 + 3 + 2*i**3 + 2*i**2 - 4 + i. Let w be b(u). Calculate h(w).
-4
Suppose 0 = 3*z - 2*z - 3. Suppose 14 = z*j - 25. Let u(m) = -9 + 0*m**3 + m**2 - m**3 + m + j + 7. What is u(0)?
11
Suppose 2 = 2*t, -4*f + 10 = -t - 9. Suppose 0 = -4*d + 4*o + 16, -d + 11 = -f*o + 3. Let i(l) = -4*l**2 + 5*l + l - 3 - d*l + l**3. What is i(2)?
-5
Let l(u) = -1814*u**2 + 1805*u**2 - u**3 - u - 10*u - 9. What is l(-8)?
15
Let k(x) be the second derivative of x**8/6720 - x**7/630 + x**5/40 - 5*x**4/6 - 3*x. Let w(q) be the third derivative of k(q). Give w(3).
-6
Suppose -14*m = -9*m. Let g(l) be the first derivative of -l**2/2 + 6*l - 57. What is g(m)?
6
Let l(n) = -n**3 - 27*n**2 - 26*n + 6. Let q be l(-26). Let k(b) = 2*b**2 + 1. Let x be k(-1). Let m(g) = 4 - 5*g + 4*g - x + q. Calculate m(8).
-1
Let f(g) = -2*g**2 + g + 20. Let m(n) = -3*n**2 + n + 21. Let s(z) = -4*f(z) + 3*m(z). Give s(0).
-17
Let i(k) = -4*k - 1. Let c be 1046/9 + (-14)/63 - -4. Let y = c + -119. Calculate i(y).
-5
Let k(b) = b**2 + 8*b - 12. Let i = -68 - -66. Let g(w) = 2*w**3 + w**2 - 4*w - 5. Let j be g(i). Give k(j).
-3
Let p(g) be the first derivative of -g**3/3 + 2*g**2 - g - 141. What is p(3)?
